c(i) = -23*i - 95. What is the tens digit of c(g)?
0
Suppose -6*k + 260356 = -4*q, -22*q = -23*q + 8. What is the ten thousands digit of k?
4
Suppose -12*l + 46970 = 1730. What is the thousands digit of l?
3
Let b(i) = 183*i**3 - 5. Let p be b(2). Let y = p + -716. Suppose -15*d + 5018 = y. What is the tens digit of d?
8
Let s(t) = 9*t - 34. Let q(x) = -x**2 + 2*x + 44. Let p be q(-5). Let o be s(p). Suppose -46*c = -o*c + 232. What is the tens digit of c?
3
Suppose 3*o + 239575 - 28139 = 5*j, j - 15*o = 42172. What is the tens digit of j?
9
Let a = -240 + 24. Let n = a - -316. What is the hundreds digit of n?
1
Suppose 6*g + 32 - 62 = 0. Suppose -x = o - g*x - 412, -2*x + 382 = o. What is the units digit of o?
2
Suppose 10922 + 39126 = 32*f. Let z = f - 1026. What is the tens digit of z?
3
Let q(v) = -v**3 + 2*v**2 - 3*v + 5. Let t be q(0). Suppose -2*p = -8, 1461 = w + t*p + 3. What is the tens digit of w?
3
Suppose 0 = 2*y - 9 + 3. Suppose -15*o + 8*o + 42 = 0. What is the tens digit of o/(-5)*(y + -48)?
5
Suppose 37*p + 10 = 39*p. Suppose -2*l = -1 - p. What is the units digit of 1881/27 - 2/l?
9
Let d(q) = -3*q + 16. Let f be d(16). Let w be -1*(-3)/(12/f). Let c = w + 91. What is the tens digit of c?
8
Let x be (-2)/16 - (6 + (-153)/8). Suppose -2*v - x + 2863 = 0. What is the units digit of v?
5
Suppose 2*q = -3*g + 6*g + 4, 0 = -4*q + 3*g - 4. Let h(o) = 4*o + 17. Let u be h(q). Suppose -315 = -3*r - 3*p, -p = u + 2. What is the tens digit of r?
0
Let q(r) be the third derivative of -r**6/120 + 4*r**5/15 - 11*r**4/12 + r**3 + 31*r**2. What is the tens digit of q(10)?
8
What is the tens digit of 12029*(-7 + -1 + 4 + 5)?
2
Let t = 9230 - -2846. What is the ten thousands digit of t?
1
Suppose -3040 = -39*n + 23*n. Let x = -26 - -105. Suppose n = g - x. What is the tens digit of g?
6
Let z = 77613 + -22736. What is the ten thousands digit of z?
5
Let g = 19 + -60. Let o = g + 460. What is the hundreds digit of o?
4
Let f(z) = 0*z**2 + 41 - 3*z**2 + 8 + 4*z**2 + 6*z. What is the tens digit of f(-20)?
2
Let y be (-8)/(-14) - (-715)/35. Suppose y = -2*p + 225. Let r = -20 + p. What is the units digit of r?
2
What is the units digit of (-2652)/(-170)*((-108010)/(-4))/7?
7
Suppose -6*w - 6 = -60. Suppose w*h - 13 = 302. Let k = h + 30. What is the units digit of k?
5
Let w = -51 + 50. Let z be ((w - -2) + 0)*2. Suppose 2*r = 3*i - 93, -5*r = 2*i - z*r - 49. What is the units digit of i?
9
Let s(m) = 51*m**3 + 4*m**2 + 4*m - 1. Let t be s(-1). Suppose 470 = 16*k - 11*k. Let a = k + t. What is the units digit of a?
2
Suppose 3*d + 358 = 4*s, 7*d - 5*s + 353 = 4*d. Let t = d + 334. Suppose -4*v = -4*h - t, -5 = h - 1. What is the units digit of v?
8
Let l(p) = 8*p + 1070. What is the hundreds digit of l(38)?
3
Let d(v) = -158*v - 153*v - 45 + 318*v. What is the tens digit of d(8)?
1
Let z = -388 + 445. Suppose 0 = -z*d + 62*d - 985. What is the tens digit of d?
9
Let i(h) = 22*h**2 + 8*h - 17. What is the thousands digit of i(-10)?
2
Let z(g) = g**2 - 4*g + 3. Let o be z(4). Suppose 995 = 4*f - 5*p, 5*f + 2*p - 1255 = -o*p. Let k = 448 - f. What is the hundreds digit of k?
1
Suppose 0 = -17*j + 82444 + 184881. What is the tens digit of j?
2
Let q(l) be the second derivative of 2*l**4/3 + 21*l**2/2 + l + 6. What is the hundreds digit of q(-7)?
4
Let p = -468 + 476. Suppose 0 = -p*i + 11290 - 2698. What is the tens digit of i?
7
Let w(z) = 281*z**2 + 24*z - 25. Let q be w(5). Suppose 217*n - q = 209*n. What is the tens digit of n?
9
Let f(y) = -5*y**2 + 31*y - 34. Let g(o) = 2*o**2 - 10*o + 11. Let z(r) = -3*f(r) - 8*g(r). Let c be z(-16). Let d = c - -101. What is the tens digit of d?
6
Let s(w) = -w**3 - 2*w**2 - 2*w + 1. Let j be s(-2). Let m = -5 + j. Suppose m = 4*o - 10 - 62. What is the tens digit of o?
1
What is the ten thousands digit of 160/200*(-190470)/(-12)?
1
Let i(q) = -643*q - 825. What is the tens digit of i(-28)?
7
Let v = 71 + -71. Suppose v = 20*r - 31*r + 308. What is the units digit of r?
8
Let q be (-232)/(-10) - 7/35. Suppose 13634 - 34564 = -q*c. What is the tens digit of c?
1
Let x(q) = 12*q + 17. Let h(c) = c**3 - 2*c**2 - 7*c + 5. Let i be h(4). Let g = i - 4. What is the tens digit of x(g)?
7
Suppose -23*o + 5 = -28*o + 3*z, 2*o + 1 = z. What is the tens digit of 5 + (o - 4)/((-8)/668)?
7
Let w(o) = 454*o + 2156. What is the thousands digit of w(13)?
8
Suppose -28 = -5*y + 82. Let z be (3 - (-12)/(-8))*y. Suppose 2*j + z = 181. What is the units digit of j?
4
Suppose -2*a + 3*a = 5. Suppose -4*u = a*k + 175, -113 = 4*u + 4*k + 59. What is the units digit of 282/4*(u/(-12))/1?
5
Let b(n) be the first derivative of n**4/4 - 2*n**3/3 - n**2 - 13*n + 275. What is the tens digit of b(8)?
5
Suppose -637 - 2443 = -8*v. Suppose 455 = -7*n - v. Let d = 186 + n. What is the units digit of d?
6
Let z be -326*(4 + (-105)/14). Let h = 1778 - z. What is the tens digit of h?
3
Suppose 9*x - 34362 = -14*x + 16652. What is the tens digit of x?
1
Let a = 62 - 60. Suppose -5*n = -3*t + a*t - 5, -3*n + 3 = -t. What is the units digit of -4 + n + -1 - -29?
5
Suppose 0 = 7*b - 36*b + 145. Suppose 3*z = a + 566, 4*a - 1174 + 208 = -b*z. What is the tens digit of z?
9
Suppose 5*r + 124960 = 5*t, -2*r = -5*t - 3517 + 128483. What is the ten thousands digit of t?
2
Suppose -2*y + 3*p + 41 = 0, -5*y - 2*p + 139 = -11. Suppose y*f = 42*f - 16478. What is the units digit of f?
7
Let a(l) = 1077*l - 1162. What is the hundreds digit of a(17)?
1
Let g(t) = -234*t - 377. What is the hundreds digit of g(-19)?
0
Let u be 2/7 + (-15728)/(-28). Let i = -221 + u. What is the hundreds digit of i?
3
What is the tens digit of (3 + (-13)/((-13)/(-1152)))/((-3)/11)?
1
Suppose -v - 5*b + 1149 = -381, 4*b + 1485 = v. What is the tens digit of v?
0
Let b(v) = -29*v**3 + 10*v**2 - 6*v - 78. What is the units digit of b(-6)?
2
Let p(g) be the second derivative of -g**5/20 + g**4/4 - 2*g**3 + 15*g**2 + 117*g. What is the units digit of p(-11)?
6
Suppose -6*j + 1047 + 7800 + 24033 = 0. What is the hundreds digit of j?
4
Let f be (30/25)/(6/20). Suppose 4*j = 4*o - 28, 2*o + 12 = f*o - j. Suppose -o*u + 1378 = 353. What is the hundreds digit of u?
2
Let l = -13699 - -47972. What is the thousands digit of l?
4
Suppose -2*x - 3125 = -s + 447, -4*s - 2*x = -14318. What is the thousands digit of s?
3
Suppose -3*r + 5*n + 6918 + 2478 = 0, -12 = 4*n. Suppose -3*y + 1851 = 2*v, 4*y + 2*v - r + 661 = 0. What is the hundreds digit of y?
6
Let m be (-2)/9 + (-392)/18. Let g be 3 + (m + 3)*-1. What is the tens digit of (-4 - g/(-5))*205/1?
8
Let x = -5117 - -9220. What is the hundreds digit of x?
1
Let f(x) = 4*x**2 + 28*x + 7. Let h be f(-8). Let p = h - -216. What is the tens digit of p?
5
Let w = -25022 + 45783. What is the ten thousands digit of w?
2
Suppose -4*b + 2*n = -8, 6*n = n + 10. Suppose -2648 = -4*o - b*v, -4*v + v - 2007 = -3*o. What is the hundreds digit of o?
6
Let l(s) = -102*s + 2009. What is the hundreds digit of l(-34)?
4
Suppose 4*c + 20 = 0, 2*c = 2*l - 4104 - 10348. What is the thousands digit of l?
7
Suppose u - 6 = 2*a, u - 3*a + 12 = -7*a. What is the hundreds digit of 1*(u - (-835 + -5))?
8
Suppose 0 = 37*f + 10*f + 130*f - 1584858. What is the hundreds digit of f?
9
Let b be (-115138)/(-30) - 11/(-165). Suppose -7*f + f + g + b = 0, -f = 4*g - 648. What is the units digit of f?
0
Let h(l) = 2*l**2 + 4*l - 54. Let j be h(19). Suppose -c - 3*c - 4*n + j = 0, 5*n = 2*c - 351. Let y = 370 - c. What is the units digit of y?
7
What is the tens digit of (-11 + 235/10)*178?
2
Suppose -4*k + 5*h - 48 = 0, -k + 3*h - 5 = -2*k. Let t(b) = 2*b**2 + b**2 - 11 + 5*b - 2*b**2. What is the units digit of t(k)?
3
Suppose 119727 - 6732557 = -85*a. What is the ten thousands digit of a?
7
Let i be 24*(-5)/(20/(-233)). Suppose -3*j + i = 72. Let o = 668 - j. What is the tens digit of o?
2
Let k be (6/3)/8*-4. Let z(f) = 14*f**3 - 2*f**2 - f. Let n be z(k). What is the tens digit of -87*((-40)/n - 3)?
2
Suppose -21*x + 15*x = -24. Suppose -x*w + 1032 = -31*z + 27*z, 0 = 4*w + 5*z - 1077. What is the tens digit of w?
6
Let y(m) be the first derivative of -31*m**2/2 - 58*m + 22. Let j be y(-25). Suppose 3*a + 5*o - 784 = 0, -o + j = 3*a - 47. What is the hundreds digit of